of 1486287.
3, 11, 15013
What are the prime factors of 6319934?
2, 827, 3821
List the prime factors of 3641319.
3, 11, 36781
List the prime factors of 727903.
11, 66173
List the prime factors of 6443247.
3, 61, 137, 257
What are the prime factors of 1170948?
2, 3, 97579
What are the prime factors of 2117677?
2117677
What are the prime factors of 2356823?
7, 336689
What are the prime factors of 7004412?
2, 3, 103, 1889
What are the prime factors of 2482904?
2, 310363
List the prime factors of 54269.
54269
What are the prime factors of 1331268?
2, 3, 110939
What are the prime factors of 7937033?
13, 610541
List the prime factors of 1019578.
2, 7, 19, 3833
What are the prime factors of 238997?
11, 21727
List the prime factors of 1262587.
1262587
What are the prime factors of 100576?
2, 7, 449
List the prime factors of 13116075.
3, 5, 7, 43, 83
What are the prime factors of 188400?
2, 3, 5, 157
What are the prime factors of 10164571?
10164571
List the prime factors of 460750.
2, 5, 19, 97
What are the prime factors of 101469?
3, 149, 227
What are the prime factors of 1636592?
2, 233, 439
What are the prime factors of 4855932?
2, 3, 134887
List the prime factors of 31702278.
2, 3, 29, 167, 1091
What are the prime factors of 959330?
2, 5, 23, 43, 97
What are the prime factors of 9172972?
2, 19, 137, 881
List the prime factors of 931366.
2, 457, 1019
What are the prime factors of 908724?
2, 3, 41, 1847
List the prime factors of 9570166.
2, 43, 257, 433
What are the prime factors of 640440?
2, 3, 5, 593
What are the prime factors of 10178943?
3, 31, 109451
List the prime factors of 2644796.
2, 7, 11, 31, 277
List the prime factors of 8554340.
2, 5, 427717
List the prime factors of 913825.
5, 11, 3323
What are the prime factors of 719703?
3, 79967
List the prime factors of 688503.
3, 19, 47, 257
List the prime factors of 13888747.
2161, 6427
What are the prime factors of 399014?
2, 7, 11, 2591
What are the prime factors of 4622494?
2, 23, 317
List the prime factors of 74598.
2, 3, 12433
What are the prime factors of 1271797?
1271797
What are the prime factors of 690552?
2, 3, 23, 139
List the prime factors of 194482.
2, 97241
What are the prime factors of 993024?
2, 3, 431
What are the prime factors of 7469271?
3, 71, 11689
What are the prime factors of 832723?
367, 2269
List the prime factors of 530196.
2, 3, 17, 23, 113
List the prime factors of 7155862.
2, 7, 73019
List the prime factors of 783888.
2, 3, 7, 2333
What are the prime factors of 5772142?
2, 1289, 2239
List the prime factors of 1511970.
2, 3, 5, 101, 499
List the prime factors of 5905631.
53, 111427
What are the prime factors of 222452?
2, 19, 2927
List the prime factors of 2677075.
5, 17, 6299
List the prime factors of 24200933.
24200933
List the prime factors of 181943.
181943
List the prime factors of 3252568.
2, 11, 23, 1607
List the prime factors of 4486111.
7, 640873
List the prime factors of 5880565.
5, 1176113
List the prime factors of 278318.
2, 31, 67
What are the prime factors of 12352857?
3, 11, 37, 67, 151
What are the prime factors of 492367?
647, 761
What are the prime factors of 6583053?
3, 2194351
List the prime factors of 35558725.
5, 1163, 1223
List the prime factors of 81537.
3, 27179
List the prime factors of 193513.
193513
What are the prime factors of 11255473?
11255473
List the prime factors of 564213.
3, 13, 17, 23, 37
What are the prime factors of 23446?
2, 19, 617
List the prime factors of 3095121.
3, 1031707
What are the prime factors of 16347402?
2, 3, 769, 1181
What are the prime factors of 140716?
2, 127, 277
List the prime factors of 4698708.
2, 3, 7, 61, 131
List the prime factors of 308870.
2, 5, 67, 461
What are the prime factors of 23886901?
317, 75353
What are the prime factors of 13576665?
3, 5, 905111
What are the prime factors of 19087?
19087
What are the prime factors of 2608434?
2, 3, 19, 29, 263
List the prime factors of 5300052.
2, 3, 443, 997
List the prime factors of 14127284.
2, 251, 14071
List the prime factors of 4105662.
2, 3, 11, 62207
List the prime factors of 3889712.
2, 29, 83, 101
What are the prime factors of 3915820?
2, 5, 195791
List the prime factors of 221522.
2, 7, 15823
What are the prime factors of 2239036?
2, 17, 19, 1733
List the prime factors of 5345513.
5345513
What are the prime factors of 46795?
5, 7, 191
List the prime factors of 1808860.
2, 5, 149, 607
List the prime factors of 85289.
17, 29, 173
List the prime factors of 1471223.
13, 113171
What are the prime factors of 413081?
413081
What are the prime factors of 1185196?
2, 296299
What are the prime factors of 14837315?
5, 1259, 2357
What are the prime factors of 6356125?
5, 50849
List the prime factors of 9418371.
3, 577, 5441
What are the prime factors of 2252524?
2, 563131
List the prime factors of 2421111.
3, 7, 11, 47, 223
What are the prime factors of 2121899?
13, 163223
What are the prime factors of 20126966?
2, 19, 529657
What are the prime factors of 194874?
2, 3, 32479
List the prime factors of 304411.
304411
What are the prime factors of 217618?
2, 53, 2053
What are the prime factors of 2362101?
3, 7, 112481
List the prime factors of 2334933.
3, 17, 5087
List the prime factors of 93465.
3, 5, 31, 67
List the prime factors of 3450565.
5, 29, 53, 449
What are the prime factors of 164458?
2, 7, 17, 691
List the prime factors of 394249.
394249
What are the prime factors of 4538223?
3, 504247
What are the prime factors of 23310503?
23310503
What are the prime factors of 6545848?
2, 818231
What are the prime factors of 7081462?
2, 547, 6473
What are the prime factors of 47968?
2, 1499
What are the prime factors of 1484773?
37, 40129
List the prime factors of 19629363.
3, 13, 503317
List the prime factors of 261328.
2, 16333
What are the prime factors of 69890?
2, 5, 29, 241
What are the prime factors of 312821?
31, 10091
List the prime factors of 250125.
3, 5, 23, 29
What are the prime factors of 20134433?
11, 19, 96337
What are the prime factors of 6305484?
2, 3, 525457
What are the prime factors of 554418?
2, 3, 10267
List the prime factors of 33269234.
2, 113, 147209
What are the prime factors of 10066311?
3, 1118479
What are the prime factors of 102124?
2, 11, 211
What are the prime factors of 651710?
2, 5, 65171
List the prime factors of 67797.
3, 31
List the prime factors of 189317.
31, 197
What are the prime factors of 133293?
3, 157, 283
List the prime factors of 454132.
2, 7, 331
List the prime factors of 1144330.
2, 5, 11, 101, 103
What are the prime factors of 103911?
3, 19, 1823
List the prime factors of 326513.
11, 29683
What are the prime factors of 378380?
2, 5, 18919
List the prime factors of 1411543.
7, 28807
What are the prime factors of 1251334?
2, 7, 89381
What are the prime factors of 718790?
2, 5, 71879
List the prime factors of 11890384.
2, 11, 67559
What are the prime factors of 969765?
3, 5, 17, 3803
What are the prime factors of 1601348?
2, 7, 57191
List the prime factors of 145657.
113, 1289
List the prime factors of 255099.
3, 13, 31, 211
List the prime factors of 48618.
2, 3, 37, 73
List the prime factors of 11620765.
5, 13, 178781
List the prime factors of 254082.
2, 3, 17, 47, 53
List the prime factors of 114383.
107, 1069
What are the prime factors of 6273056?
2, 196033
What are the prime factors of 1430917?
947, 1511
What are the prime factors of 115152?
2, 3, 2399
What are the prime factors of 185456?
2, 67, 173
What are the prime factors of 467693?
59, 7927
List the prime factors of 10375198.
2, 73, 179, 397
List the prime factors of 6779483.
31, 383, 571
What are the prime factors of 279819?
3, 31091
What are the prime factors of 448452?
2, 3, 12457
What are the prime factors of 4053181?
11, 368471
What are the prime factors of 21624461?
21624461
List the prime factors of 2627987.
2627987
List the prime factors of 777105.
3, 5, 7, 2467
What are the prime factors of 29300875?
5, 29, 59, 137
What are the prime factors of 1941845?
5, 388369
What are the prime factors of 9315965?
5, 31, 60103
List the prime factors of 1253907.
3, 46441
What are the prime factors of 319522?
2, 7, 29, 787
What are the prime factors of 2926179?
3, 108377
What are the prime factors of 833410?
2, 5, 83341
What are the prime factors of 26639703?
